 are the prime factors of p?
2, 3, 13
Suppose -5*o - 5668 = -4*p - 194531, 2*o - 75562 = -4*p. What are the prime factors of o?
5, 1511
Suppose 4*o + 16 = 0, 4*b - 21643 = -2*o + 55897. What are the prime factors of b?
19387
Suppose 4*b = -5*k + 104782, -74*k = -79*k - 3*b + 104779. What are the prime factors of k?
2, 10477
Let q be 34*30/14*(-49)/(-14). Let u = 994 + -602. Let h = u - q. List the prime factors of h.
137
Suppose 175 = -31*p + 30*p. List the prime factors of 1540 + (-35)/p*(-15)/(-1).
1543
Let s be 11/22*0/2. Suppose 5*i + s*i = 30. Suppose -o + v = -4, -2*o - 5*v + 0 = i. What are the prime factors of o?
2
Suppose 242*a - 166*a = 2473192. What are the prime factors of a?
2, 53, 307
Suppose 128*g - 126*g = -36. What are the prime factors of (-9)/g*2222 + -6?
5, 13, 17
Suppose 0 = k + 3*u - 283, 5*k = -7*u + 6*u + 1401. List the prime factors of (k/(-6))/7*(-354)/5.
2, 59
Let u(j) be the second derivative of j**4/12 + 5*j**3/6 - 3*j**2/2 - 5*j. Let q be u(-10). Let y = 23 + q. What are the prime factors of y?
2, 5, 7
Suppose -2096*u + 17152 = -2092*u. List the prime factors of u.
2, 67
Let h(n) = 119*n**2 + 20*n + 13. List the prime factors of h(8).
7789
Suppose 0 = 2*d + c - 11, -8 = 4*d - 5*c - 9. List the prime factors of d/10 + 32376/60.
2, 3, 5
Let d(i) = 2*i**3 - 17*i**2 + 6*i + 21. Let y be d(8). Suppose y*z = -5*f - 330 + 125, -5*z - 10 = 0. List the prime factors of (0 + (4 - 11))*f.
3, 7, 13
Let y = 2760 + -2290. List the prime factors of y.
2, 5, 47
Let v(i) = 686*i**2 - 80*i + 220. What are the prime factors of v(3)?
2, 17, 181
Let h = -20721 + 58315. List the prime factors of h.
2, 18797
Let a = -136 + 79. Let x = a - -58. Suppose 0 = n + 2*i + 3*i - 119, i = x. List the prime factors of n.
2, 3, 19
Suppose -5*i = 2*h - 17494, -12*h + i = -10*h - 17446. What are the prime factors of h?
3, 2909
Suppose -2*b - 2 = -v, -4*b = -4*v + b - 4. Let a be -12 - (0 + -1) - v/(-6). Let n(l) = l**3 + 13*l**2 + 2*l - 1. What are the prime factors of n(a)?
7, 17
Let o(y) = -17*y**3 - 4*y**2 - 33*y + 6. Let f be o(-5). Let j = f - 1264. What are the prime factors of j?
2, 233
Suppose -31*v + 720290 = 85*v - 31*v. List the prime factors of v.
2, 19, 223
Suppose 0*l + 3*l = 252. Let s(r) = -11*r - 216. Let g be s(-21). Suppose 0 = -19*n + g*n + l. List the prime factors of n.
3, 7
Let s(p) be the first derivative of -9*p**2 - 6*p - 18. Let g be s(-3). What are the prime factors of (g - 1) + (3 - 1)?
7
Let v(r) = -23*r**3 - 9*r**2 - 27*r - 18. List the prime factors of v(-11).
29803
Let g(w) = w**2 - 12*w + 11. Let m be g(11). Let k be m + -3 + 9 - 1. Suppose k*s = 15, 0 = n + 4*n + s - 1073. List the prime factors of n.
2, 107
Let g(j) = -j**2 + 2*j + 38. Suppose 0 = -4*s + b + 3, -6 = 2*s - 4*b - 18. What are the prime factors of g(s)?
2, 19
List the prime factors of (58/(-3))/((-4)/7*(-63)/(-23274)).
29, 431
Suppose 843880 = 3302*u - 3229*u. What are the prime factors of u?
2, 5, 17
Suppose 0 = 4*g - 5*m - 71281 - 6758, m + 39015 = 2*g. List the prime factors of g.
2, 3, 3251
Suppose -3*d = -r - 102412, -4*d + 33990 = -3*r - 102566. List the prime factors of d.
2, 17, 251
Suppose -59*r + 66*r = 217*r - 7290360. List the prime factors of r.
2, 3, 11, 263
Let l(b) = 11*b**2 - 4*b - 13. Let r(s) = 9*s**2 - 6*s - 13. Let v(f) = -3*l(f) + 4*r(f). What are the prime factors of v(12)?
5, 11
Suppose 29 = -8*o + 245. Suppose -12*a = -o*a + 135. What are the prime factors of 1107/(-36)*(-24)/a?
2, 41
Suppose 0 = -3*n + 2*j - 310 + 6166, -2*j = -2*n + 3906. Suppose -1718 = -7*b + n. What are the prime factors of b?
2, 131
Let w(x) = -2*x**3 + 10*x**2 + 3*x - 11. Suppose -5*y = 25, 8*y + 30 = -j + 3*y. List the prime factors of w(j).
2, 3, 79
Let o(v) = v - 6. Let u be o(6). Suppose 12*w - 4*w - 1728 = u. What are the prime factors of w/3 - (8 + -6)?
2, 5, 7
Let b be (-2 - -8)*2/3. Suppose -12*a = 6*a + 4*a. Suppose a = k + o - 1, -b*k + o + 11 + 18 = 0. List the prime factors of k.
2, 3
List the prime factors of -2 - -5985 - 2/(-6)*-21.
2, 3, 83
Let v = 301 - 212. Let z(a) = a**3 - 4*a**2 - 16*a + 7. Let d be z(7). Let g = v - d. What are the prime factors of g?
47
Let n be 4*1*537*(-2)/(-12). Suppose 0 = 49*q - 53*q - 652. Let w = n + q. What are the prime factors of w?
3, 5, 13
Let w(n) = n - 5. Let a(l) = -l + 6. Let p(b) = 4*a(b) + 3*w(b). Let i(s) = s - 5. Let j(f) = 7*i(f) + 3*p(f). What are the prime factors of j(5)?
2, 3
Let z = -137 + 284. Let h(s) = z - 77 - 79 + 7*s. What are the prime factors of h(5)?
2, 13
Let n be (-2)/11 - 53/11. Let j(u) = -u**2 - 7*u + 2. Let x be j(n). List the prime factors of (48/x)/(4/78).
2, 3, 13
Let g = -106 - -107. What are the prime factors of (-30 + 637)*1/g?
607
Let x(f) = 12*f**2 - 18 - 7*f - 122*f**3 + 15 + 121*f**3. What are the prime factors of x(10)?
127
List the prime factors of 9769 + 23/((-299)/52).
3, 5, 7, 31
Let n be 3/2*22128/36. Suppose -2*r = -5*k + n, 13*k - 10*k = 4*r + 542. List the prime factors of k.
2, 3, 31
Let j(n) be the first derivative of -n**2 - 16*n + 30. Let o be j(-6). What are the prime factors of -4 + 0 - -6 - o*8?
2, 17
What are the prime factors of 18/(-3) + (28248/3 - -6)?
2, 11, 107
Let n(p) = 98*p**2 + 82*p + 180. What are the prime factors of n(-13)?
2, 3919
Let r = -42 - -44. Suppose r*p - 5 = -1. Suppose p*s = 3*t - 4*t + 105, -5*s = -4*t + 446. List the prime factors of t.
109
Let k be (-35)/((2/(-2))/(1 + -2)). Let v = -32 - k. Suppose p - v*q - 204 = 0, 0 = -3*q + 5*q + 6. List the prime factors of p.
3, 5, 13
Let f be (-1)/(-5) - 1640/(-50). Let j = -30 + f. Suppose j*a - 4*m = 61 + 154, -278 = -4*a + m. List the prime factors of a.
3, 23
Let w(l) = l**3 + 18*l**2 - 65*l + 49. Let j be w(-21). Let a(z) = z - 8. Let f be a(-9). Let v = j + f. What are the prime factors of v?
2, 37
Let f(j) = 5*j**2 + 67*j + 394. What are the prime factors of f(-58)?
2, 7, 17
Let h be (-2)/(-44)*-4 + (-184)/(-44). Suppose -h*d - 4*d + 96 = 0. List the prime factors of d.
2, 3
Let b = -21039 - -41993. List the prime factors of b.
2, 10477
Suppose 0 = 365*u - 294*u - 2094713. List the prime factors of u.
163, 181
Suppose -29*q = 156*q + 238459 - 1041544. What are the prime factors of q?
3, 1447
Let u(x) = -2*x**3 - 13*x**2 - 7*x - 1. Let f be u(-6). Suppose -5*o + 5 - 18 = m, 0 = -5*o - f*m - 25. What are the prime factors of (10 + -57)/(1/o)?
2, 47
Let j(c) = -2609*c + 507. List the prime factors of j(-10).
26597
Suppose 20*h - 1090360 = -30*h + 10*h. What are the prime factors of h?
27259
Suppose 0 = 10*r - 4*r + 366. Let g = -190 - r. Let p = 287 + g. List the prime factors of p.
2, 79
Let a = 261 + -257. Let f(z) = 383*z + 89. List the prime factors of f(a).
1621
Let q(v) = -39*v**3 + v**2 - 7*v - 14. Let t be q(-4). Suppose -11*i + 10963 = t. What are the prime factors of i?
13, 59
Let r(z) = 26*z**2 + z - 3. Let t = 35 - 29. Let s(l) = 2*l**3 - 10*l**2 - 12*l - 2. Let j be s(t). List the prime factors of r(j).
3, 11
Let y = -21 + 24. Suppose 189 + 174 = y*b. Suppose 15*h = 14*h + b. What are the prime factors of h?
11
Let t be 10/4 - (-60)/(-40). What are the prime factors of (2590/t)/2 + 1 + -3?
3, 431
Suppose 456 = o - 5*k, -3*o + 1360 = 3*k - 44. Suppose -36*b - 3*i = -40*b + o, 351 = 3*b - 3*i. What are the prime factors of b?
5, 23
Let z(d) be the first derivative of 23*d - 3 + 1/3*d**3 + 11/2*d**2. List the prime factors of z(-17).
5
Suppose 160470 + 103266 = 12*o. What are the prime factors of o?
2, 3, 11, 37
Suppose -158*p = -134*p - 11760. Let f be (-42)/(-8) + (-2)/8. Suppose 0*h + f*h - p = 0. List the prime factors of h.
2, 7
Suppose j + 25*j = -9*j. Suppose j*x - 4*x = 3*y - 2293, -2*x = -5*y + 3839. What are the prime factors of y?
13, 59
Suppose -i + 5*b + 21582 = 0, 20*i - 2*b = 18*i + 43156. What are the prime factors of i?
21577
Suppose 24 = 2*b + 4*b. Suppose b*j - 31 = -5*g, -37 = -3*j - g - 0. What are the prime factors of 76/j - 3/7?
5
Suppose 4*m - 556 = -108. Let r = m + 77. List the prime factors of r.
3, 7
Let f be 5*(365/10 + 2/4). Let v = f - 177. List the prime factors of v.
2
Let k(l) = -3*l + 11. Let x be (-6)/4 + (-2)/(-4). Let n be x/(3*(2 - 332/168)). What are the prime factors of k(n)?
53
Let x(r) = 7*r**2 + 2*r. Let c(y) = -6*y**2